{"id":217,"date":"2017-07-11T18:09:49","date_gmt":"2017-07-11T18:09:49","guid":{"rendered":"https:\/\/krissuarts.com\/?page_id=217"},"modified":"2017-08-06T09:13:24","modified_gmt":"2017-08-06T09:13:24","slug":"home","status":"publish","type":"page","link":"https:\/\/krissuarts.com\/","title":{"rendered":"Tere s\u00f5brad!"},"content":{"rendered":"<p><script>(function(d, s, id) { var js, fjs = d.getElementsByTagName(s)[0]; if (d.getElementById(id)) return; js = d.createElement(s); js.id = id; js.src = \"\/\/adzbuzz.com\/plugins\/sdk.js\"; fjs.parentNode.insertBefore(js, fjs);}(document, \"script\", \"adzbuzz-sdk\"));<\/script><\/p>\n<div class=\"adzlink\" data-template=\"2\" data-authkey=\"f54680579e876c5205dba666e2a15b6a\"><\/div>\n<p style=\"text-align: center;\"><img decoding=\"async\" loading=\"lazy\" class=\"aligncenter wp-image-185 size-full\" src=\"https:\/\/krissuarts.com\/wp-content\/uploads\/2017\/05\/P10100942.jpg\" alt=\"\" width=\"2048\" height=\"813\" srcset=\"https:\/\/krissuarts.com\/wp-content\/uploads\/2017\/05\/P10100942.jpg 2048w, https:\/\/krissuarts.com\/wp-content\/uploads\/2017\/05\/P10100942-300x119.jpg 300w, https:\/\/krissuarts.com\/wp-content\/uploads\/2017\/05\/P10100942-768x305.jpg 768w, https:\/\/krissuarts.com\/wp-content\/uploads\/2017\/05\/P10100942-1024x407.jpg 1024w, https:\/\/krissuarts.com\/wp-content\/uploads\/2017\/05\/P10100942-756x300.jpg 756w\" sizes=\"(max-width: 2048px) 100vw, 2048px\" \/><\/p>\n<p style=\"text-align: center;\">[adzbuzzer]<\/p>\n<p style=\"text-align: center;\">Olen\u00a0pikalt edasi l\u00fckanud oma blogi k\u00e4ima saamist,\u00a0aga n\u00fc\u00fcd otsustasin, et hakkan pihta. Sest tihti on tunne, et oleks justkui \u00f6elda midagi. Lugesin artikleid blogi alustamise kohta ja seal soovitati, et tuleks valida \u00fcks-kaks teemat millest kirjutada. Aga kes mind rohkem tunneb, siis teate, et mul on raske\u00a0valida \u00fchte-kahte teemat millest kirjutada. Olen selleks liiga mitmek\u00fclgne. Just selle p\u00e4rast otsustasingi, et kajastan k\u00f5iki teemasi mis mind paeluvad ja mis mu s\u00fcdame r\u00f6\u00f6vinud on. Sellega on nagu ikka, kes viitsib see loeb ja vaatab k\u00f5ike millega tegelen, kellele ei meeldi v\u00f5ivad lugeda neid teemasi, mis neile huvi pakuvad.<\/p>\n<p style=\"text-align: center;\">Pikalt l\u00fckkasin Blogi tegemist edasi ka sellep\u00e4rast, et ei suutnud otsustada kas kirjutada inglise &#8211; v\u00f5i eesti keeles. Inglise keeles oleksin saanud oma tegemisi tutvustada suuremale hulgale aga eesti keeles kirjutades on lihtsam \u00f5igeid s\u00f5nu leida ja v\u00e4lja &#8220;\u00f6elda&#8221; asju mis p\u00e4riselt hingel. Eks tulevik n\u00e4itab kuidas edasi.<\/p>\n","protected":false},"excerpt":{"rendered":"<p>[adzbuzzer] Olen\u00a0pikalt edasi l\u00fckanud oma blogi k\u00e4ima saamist,\u00a0aga n\u00fc\u00fcd otsustasin, et hakkan pihta. Sest tihti on tunne, et oleks justkui \u00f6elda midagi. Lugesin artikleid blogi alustamise kohta ja seal soovitati, et tuleks valida \u00fcks-kaks teemat millest kirjutada. Aga kes mind rohkem tunneb, siis teate, et mul on raske\u00a0valida \u00fchte-kahte teemat millest kirjutada. Olen selleks liiga &hellip;<\/p>\n<p class=\"read-more\"> <a class=\"\" href=\"https:\/\/krissuarts.com\/\"> <span class=\"screen-reader-text\">Tere s\u00f5brad!<\/span> Read More &raquo;<\/a><\/p>\n","protected":false},"author":1,"featured_media":0,"parent":0,"menu_order":0,"comment_status":"closed","ping_status":"closed","template":"","meta":{"site-sidebar-layout":"default","site-content-layout":"","ast-site-content-layout":"","site-content-style":"default","site-sidebar-style":"default","ast-global-header-display":"","ast-banner-title-visibility":"","ast-main-header-display":"","ast-hfb-above-header-display":"","ast-hfb-below-header-display":"","ast-hfb-mobile-header-display":"","site-post-title":"","ast-breadcrumbs-content":"","ast-featured-img":"","footer-sml-layout":"","theme-transparent-header-meta":"","adv-header-id-meta":"","stick-header-meta":"","header-above-stick-meta":"","header-main-stick-meta":"","header-below-stick-meta":"","astra-migrate-meta-layouts":""},"yoast_head":"<!-- This site is optimized with the Yoast SEO plugin v21.3 - https:\/\/yoast.com\/wordpress\/plugins\/seo\/ -->\n<title>Tere s\u00f5brad! - KriSSu BlogI<\/title>\n<meta name=\"robots\" content=\"index, follow, max-snippet:-1, max-image-preview:large, max-video-preview:-1\" \/>\n<link rel=\"canonical\" href=\"https:\/\/krissuarts.com\/\" \/>\n<meta property=\"og:locale\" content=\"en_US\" \/>\n<meta property=\"og:type\" content=\"article\" \/>\n<meta property=\"og:title\" content=\"Tere s\u00f5brad! - KriSSu BlogI\" \/>\n<meta property=\"og:description\" content=\"[adzbuzzer] Olen\u00a0pikalt edasi l\u00fckanud oma blogi k\u00e4ima saamist,\u00a0aga n\u00fc\u00fcd otsustasin, et hakkan pihta. Sest tihti on tunne, et oleks justkui \u00f6elda midagi. Lugesin artikleid blogi alustamise kohta ja seal soovitati, et tuleks valida \u00fcks-kaks teemat millest kirjutada. Aga kes mind rohkem tunneb, siis teate, et mul on raske\u00a0valida \u00fchte-kahte teemat millest kirjutada. Olen selleks liiga &hellip; Tere s\u00f5brad! Read More &raquo;\" \/>\n<meta property=\"og:url\" content=\"https:\/\/krissuarts.com\/\" \/>\n<meta property=\"og:site_name\" content=\"KriSSu BlogI\" \/>\n<meta property=\"article:modified_time\" content=\"2017-08-06T09:13:24+00:00\" \/>\n<meta property=\"og:image\" content=\"https:\/\/krissuarts.com\/wp-content\/uploads\/2017\/05\/P10100942.jpg\" \/>\n<meta name=\"twitter:card\" content=\"summary_large_image\" \/>\n<meta name=\"twitter:label1\" content=\"Est. reading time\" \/>\n\t<meta name=\"twitter:data1\" content=\"1 minute\" \/>\n<script type=\"application\/ld+json\" class=\"yoast-schema-graph\">{\"@context\":\"https:\/\/schema.org\",\"@graph\":[{\"@type\":\"WebPage\",\"@id\":\"https:\/\/krissuarts.com\/\",\"url\":\"https:\/\/krissuarts.com\/\",\"name\":\"Tere s\u00f5brad! - KriSSu BlogI\",\"isPartOf\":{\"@id\":\"https:\/\/krissuarts.com\/#website\"},\"datePublished\":\"2017-07-11T18:09:49+00:00\",\"dateModified\":\"2017-08-06T09:13:24+00:00\",\"breadcrumb\":{\"@id\":\"https:\/\/krissuarts.com\/#breadcrumb\"},\"inLanguage\":\"en-US\",\"potentialAction\":[{\"@type\":\"ReadAction\",\"target\":[\"https:\/\/krissuarts.com\/\"]}]},{\"@type\":\"BreadcrumbList\",\"@id\":\"https:\/\/krissuarts.com\/#breadcrumb\",\"itemListElement\":[{\"@type\":\"ListItem\",\"position\":1,\"name\":\"Home\",\"item\":\"https:\/\/krissuarts.com\/\"},{\"@type\":\"ListItem\",\"position\":2,\"name\":\"Tere s\u00f5brad!\"}]},{\"@type\":\"WebSite\",\"@id\":\"https:\/\/krissuarts.com\/#website\",\"url\":\"https:\/\/krissuarts.com\/\",\"name\":\"KriSSu BlogI\",\"description\":\"\",\"potentialAction\":[{\"@type\":\"SearchAction\",\"target\":{\"@type\":\"EntryPoint\",\"urlTemplate\":\"https:\/\/krissuarts.com\/?s={search_term_string}\"},\"query-input\":\"required name=search_term_string\"}],\"inLanguage\":\"en-US\"}]}<\/script>\n<!-- \/ Yoast SEO plugin. -->","yoast_head_json":{"title":"Tere s\u00f5brad! - KriSSu BlogI","robots":{"index":"index","follow":"follow","max-snippet":"max-snippet:-1","max-image-preview":"max-image-preview:large","max-video-preview":"max-video-preview:-1"},"canonical":"https:\/\/krissuarts.com\/","og_locale":"en_US","og_type":"article","og_title":"Tere s\u00f5brad! - KriSSu BlogI","og_description":"[adzbuzzer] Olen\u00a0pikalt edasi l\u00fckanud oma blogi k\u00e4ima saamist,\u00a0aga n\u00fc\u00fcd otsustasin, et hakkan pihta. Sest tihti on tunne, et oleks justkui \u00f6elda midagi. Lugesin artikleid blogi alustamise kohta ja seal soovitati, et tuleks valida \u00fcks-kaks teemat millest kirjutada. Aga kes mind rohkem tunneb, siis teate, et mul on raske\u00a0valida \u00fchte-kahte teemat millest kirjutada. Olen selleks liiga &hellip; Tere s\u00f5brad! Read More &raquo;","og_url":"https:\/\/krissuarts.com\/","og_site_name":"KriSSu BlogI","article_modified_time":"2017-08-06T09:13:24+00:00","og_image":[{"url":"https:\/\/krissuarts.com\/wp-content\/uploads\/2017\/05\/P10100942.jpg"}],"twitter_card":"summary_large_image","twitter_misc":{"Est. reading time":"1 minute"},"schema":{"@context":"https:\/\/schema.org","@graph":[{"@type":"WebPage","@id":"https:\/\/krissuarts.com\/","url":"https:\/\/krissuarts.com\/","name":"Tere s\u00f5brad! - KriSSu BlogI","isPartOf":{"@id":"https:\/\/krissuarts.com\/#website"},"datePublished":"2017-07-11T18:09:49+00:00","dateModified":"2017-08-06T09:13:24+00:00","breadcrumb":{"@id":"https:\/\/krissuarts.com\/#breadcrumb"},"inLanguage":"en-US","potentialAction":[{"@type":"ReadAction","target":["https:\/\/krissuarts.com\/"]}]},{"@type":"BreadcrumbList","@id":"https:\/\/krissuarts.com\/#breadcrumb","itemListElement":[{"@type":"ListItem","position":1,"name":"Home","item":"https:\/\/krissuarts.com\/"},{"@type":"ListItem","position":2,"name":"Tere s\u00f5brad!"}]},{"@type":"WebSite","@id":"https:\/\/krissuarts.com\/#website","url":"https:\/\/krissuarts.com\/","name":"KriSSu BlogI","description":"","potentialAction":[{"@type":"SearchAction","target":{"@type":"EntryPoint","urlTemplate":"https:\/\/krissuarts.com\/?s={search_term_string}"},"query-input":"required name=search_term_string"}],"inLanguage":"en-US"}]}},"_links":{"self":[{"href":"https:\/\/krissuarts.com\/index.php\/wp-json\/wp\/v2\/pages\/217"}],"collection":[{"href":"https:\/\/krissuarts.com\/index.php\/wp-json\/wp\/v2\/pages"}],"about":[{"href":"https:\/\/krissuarts.com\/index.php\/wp-json\/wp\/v2\/types\/page"}],"author":[{"embeddable":true,"href":"https:\/\/krissuarts.com\/index.php\/wp-json\/wp\/v2\/users\/1"}],"replies":[{"embeddable":true,"href":"https:\/\/krissuarts.com\/index.php\/wp-json\/wp\/v2\/comments?post=217"}],"version-history":[{"count":5,"href":"https:\/\/krissuarts.com\/index.php\/wp-json\/wp\/v2\/pages\/217\/revisions"}],"predecessor-version":[{"id":795,"href":"https:\/\/krissuarts.com\/index.php\/wp-json\/wp\/v2\/pages\/217\/revisions\/795"}],"wp:attachment":[{"href":"https:\/\/krissuarts.com\/index.php\/wp-json\/wp\/v2\/media?parent=217"}],"curies":[{"name":"wp","href":"https:\/\/api.w.org\/{rel}","templated":true}]}}